e prime factors of 472?
2, 59
What are the prime factors of 2859?
3, 953
What are the prime factors of 2328?
2, 3, 97
List the prime factors of 864.
2, 3
What are the prime factors of 5072?
2, 317
What are the prime factors of 246?
2, 3, 41
List the prime factors of 694.
2, 347
What are the prime factors of 1503?
3, 167
What are the prime factors of 41946?
2, 3, 6991
List the prime factors of 42170.
2, 5, 4217
What are the prime factors of 2612?
2, 653
List the prime factors of 11173.
11173
What are the prime factors of 1096?
2, 137
What are the prime factors of 150638?
2, 109, 691
List the prime factors of 621.
3, 23
What are the prime factors of 1950?
2, 3, 5, 13
What are the prime factors of 25612?
2, 19, 337
What are the prime factors of 22779?
3, 2531
What are the prime factors of 881?
881
List the prime factors of 1074.
2, 3, 179
List the prime factors of 754.
2, 13, 29
What are the prime factors of 25281?
3, 53
List the prime factors of 169225.
5, 7, 967
List the prime factors of 29539.
109, 271
What are the prime factors of 10712?
2, 13, 103
What are the prime factors of 3663?
3, 11, 37
What are the prime factors of 1384?
2, 173
List the prime factors of 3245.
5, 11, 59
What are the prime factors of 1470?
2, 3, 5, 7
What are the prime factors of 52570?
2, 5, 7, 751
What are the prime factors of 5381?
5381
List the prime factors of 139148.
2, 43, 809
List the prime factors of 111541.
71, 1571
List the prime factors of 1521.
3, 13
List the prime factors of 48385.
5, 9677
List the prime factors of 3505.
5, 701
List the prime factors of 861.
3, 7, 41
What are the prime factors of 592?
2, 37
What are the prime factors of 552?
2, 3, 23
List the prime factors of 2051.
7, 293
List the prime factors of 35413.
7, 5059
What are the prime factors of 21940?
2, 5, 1097
What are the prime factors of 12644?
2, 29, 109
What are the prime factors of 260?
2, 5, 13
List the prime factors of 58.
2, 29
List the prime factors of 1924.
2, 13, 37
List the prime factors of 18597.
3, 6199
List the prime factors of 63454.
2, 31727
What are the prime factors of 61332?
2, 3, 19, 269
List the prime factors of 127097.
149, 853
List the prime factors of 930.
2, 3, 5, 31
List the prime factors of 7248.
2, 3, 151
List the prime factors of 9891.
3, 7, 157
What are the prime factors of 11325?
3, 5, 151
List the prime factors of 38916.
2, 3, 23, 47
What are the prime factors of 4973?
4973
List the prime factors of 1670.
2, 5, 167
What are the prime factors of 18306?
2, 3, 113
List the prime factors of 13135.
5, 37, 71
What are the prime factors of 1781?
13, 137
What are the prime factors of 1514?
2, 757
What are the prime factors of 895?
5, 179
What are the prime factors of 6246?
2, 3, 347
List the prime factors of 184409.
184409
List the prime factors of 62917.
17, 3701
What are the prime factors of 43?
43
List the prime factors of 77001.
3, 25667
List the prime factors of 26224.
2, 11, 149
List the prime factors of 1943.
29, 67
List the prime factors of 3625.
5, 29
What are the prime factors of 2727?
3, 101
What are the prime factors of 469?
7, 67
List the prime factors of 3432.
2, 3, 11, 13
List the prime factors of 5058.
2, 3, 281
What are the prime factors of 360?
2, 3, 5
List the prime factors of 59102.
2, 29, 1019
What are the prime factors of 27922?
2, 23, 607
List the prime factors of 1019.
1019
What are the prime factors of 5208?
2, 3, 7, 31
What are the prime factors of 6967?
6967
List the prime factors of 31727.
31727
What are the prime factors of 1185?
3, 5, 79
List the prime factors of 61801.
23, 2687
List the prime factors of 41197.
13, 3169
What are the prime factors of 19157?
19157
What are the prime factors of 1574?
2, 787
What are the prime factors of 37825?
5, 17, 89
List the prime factors of 48456.
2, 3, 673
What are the prime factors of 4728?
2, 3, 197
List the prime factors of 22612.
2, 5653
List the prime factors of 115206.
2, 3, 7, 13, 211
What are the prime factors of 3520?
2, 5, 11
What are the prime factors of 3600?
2, 3, 5
What are the prime factors of 42998?
2, 21499
What are the prime factors of 2131?
2131
What are the prime factors of 40975?
5, 11, 149
What are the prime factors of 891?
3, 11
List the prime factors of 1376.
2, 43
List the prime factors of 227.
227
List the prime factors of 2506.
2, 7, 179
List the prime factors of 12925.
5, 11, 47
List the prime factors of 163743.
3, 54581
What are the prime factors of 4362?
2, 3, 727
What are the prime factors of 1820?
2, 5, 7, 13
What are the prime factors of 3854?
2, 41, 47
What are the prime factors of 7587?
3, 281
List the prime factors of 420.
2, 3, 5, 7
What are the prime factors of 1331?
11
What are the prime factors of 18034?
2, 71, 127
What are the prime factors of 23710?
2, 5, 2371
List the prime factors of 263.
263
What are the prime factors of 133152?
2, 3, 19, 73
List the prime factors of 23.
23
List the prime factors of 313.
313
What are the prime factors of 32864?
2, 13, 79
What are the prime factors of 11205?
3, 5, 83
List the prime factors of 80377.
11, 7307
List the prime factors of 1827.
3, 7, 29
List the prime factors of 12288.
2, 3
What are the prime factors of 141510?
2, 3, 5, 53, 89
What are the prime factors of 947?
947
List the prime factors of 3477.
3, 19, 61
What are the prime factors of 11716?
2, 29, 101
List the prime factors of 1055.
5, 211
List the prime factors of 34543.
34543
List the prime factors of 4936.
2, 617
List the prime factors of 3234.
2, 3, 7, 11
What are the prime factors of 9464?
2, 7, 13
List the prime factors of 24695.
5, 11, 449
What are the prime factors of 903?
3, 7, 43
List the prime factors of 20761.
13, 1597
List the prime factors of 8053.
8053
List the prime factors of 7345.
5, 13, 113
List the prime factors of 24530.
2, 5, 11, 223
List the prime factors of 23300.
2, 5, 233
List the prime factors of 160.
2, 5
What are the prime factors of 3788?
2, 947
List the prime factors of 52.
2, 13
What are the prime factors of 3468?
2, 3, 17
What are the prime factors of 7230?
2, 3, 5, 241
List the prime factors of 509.
509
List the prime factors of 34582.
2, 17291
What are the prime factors of 833?
7, 17
List the prime factors of 4644.
2, 3, 43
List the prime factors of 977.
977
List the prime factors of 16947.
3, 7, 269
What are the prime factors of 67715?
5, 29, 467
What are the prime factors of 437?
19, 23
What are the prime factors of 59207?
59207
List the prime factors of 1741.
1741
List the prime factors of 6408.
2, 3, 89
What are the prime factors of 51208?
2, 37, 173
List the prime factors of 8047.
13, 619
What are the prime factors of 22208?
2, 347
List the prime factors of 1648.
2, 103
What are the prime factors of 1006?
2, 503
What are the prime factors of 8171?
8171
List the prime factors of 8558.
2, 11, 389
List the prime factors of 732.
2, 3, 61
What are the prime factors of 33216?
2, 3, 173
List the prime factors of 32979.
3, 10993
What are the prime factors of 17378?
2, 8689
List the prime factors of 28078.
2, 101, 139
List the prime factors of 6268.
2, 1567
What are the prime factors of 781?
11, 71
What are the prime factors of 1119?
3, 373
List the prime factors of 137992.
2, 47, 367
List the prime factors of 37.
37
What are the prime factors of 137?
137
What are the prime factors of 46727?
46727
What are the prime factors of 16252?
2, 17, 239
List the prime factors of 1107.
3, 41
What are the prime factors of 31054?
2, 15527
What are the prime factors of 13652?
2, 3413
What are the prime factors of 122553?
3, 17, 89
What are the prime factors of 25540?
2, 5, 1277
List the prime factors of 16933.
7, 41, 59
What are the prime factors of 111124?
2, 13, 2137
What are the prime factors of 6?
2, 3
List the prime factors of 44410.
2, 5, 4441
List the prime factors of 32296.
2, 11, 367
List the prime factors of 5433.
3, 1811
List the prime factors of 32952.
2, 3, 1373
What are the prime factors of 30299?
41, 739
List the prime factors of 107113.
43, 47, 53
List the prime factors of 808.
2, 101
What are the prime factors of 10899?
3, 7, 173
What are the prime factors of 713?
23, 31
What are the prime factors of 5153?
5153
List the prime factors of 426.
2, 3, 71
List the prime factors of 13248.
2, 3, 23
List the prime factors of 624